{"id":65,"date":"2020-06-26T17:12:23","date_gmt":"2020-06-26T17:12:23","guid":{"rendered":"http:\/\/aphsave.com.br\/2020\/?page_id=65"},"modified":"2022-06-08T09:52:46","modified_gmt":"2022-06-08T12:52:46","slug":"cursos-nacionais","status":"publish","type":"page","link":"https:\/\/aphsave.com.br\/2020\/cursos-nacionais\/","title":{"rendered":"Cursos Nacionais"},"content":{"rendered":"\n<p>Cursos com cetifica\u00e7\u00e3o de institui\u00e7\u00e3o nacional:<\/p>\n\n\n\n<div class=\"wp-block-columns is-layout-flex wp-container-core-columns-layout-1 wp-block-columns-is-layout-flex\">\n<div class=\"wp-block-column is-layout-flow wp-block-column-is-layout-flow\">\n<figure class=\"wp-block-image size-large\"><img loading=\"lazy\" decoding=\"async\" width=\"800\" height=\"333\" src=\"http:\/\/aphsave.com.br\/2020\/wp-content\/uploads\/2020\/06\/aph-40h.jpg\" alt=\"\" class=\"wp-image-89\" srcset=\"https:\/\/aphsave.com.br\/2020\/wp-content\/uploads\/2020\/06\/aph-40h.jpg 800w, https:\/\/aphsave.com.br\/2020\/wp-content\/uploads\/2020\/06\/aph-40h-300x125.jpg 300w, https:\/\/aphsave.com.br\/2020\/wp-content\/uploads\/2020\/06\/aph-40h-768x320.jpg 768w\" sizes=\"(max-width: 800px) 100vw, 800px\" \/><figcaption><strong>APH para Profissionais<\/strong><br><strong>Carga Hor\u00e1ria:<\/strong> 40 horas<\/figcaption><\/figure>\n\n\n\n<div class=\"wp-block-image\"><figure class=\"aligncenter size-large\"><img loading=\"lazy\" decoding=\"async\" width=\"800\" height=\"333\" src=\"http:\/\/aphsave.com.br\/2020\/wp-content\/uploads\/2020\/06\/rcpdea-00.jpg\" alt=\"\" class=\"wp-image-58\" srcset=\"https:\/\/aphsave.com.br\/2020\/wp-content\/uploads\/2020\/06\/rcpdea-00.jpg 800w, https:\/\/aphsave.com.br\/2020\/wp-content\/uploads\/2020\/06\/rcpdea-00-300x125.jpg 300w, https:\/\/aphsave.com.br\/2020\/wp-content\/uploads\/2020\/06\/rcpdea-00-768x320.jpg 768w\" sizes=\"(max-width: 800px) 100vw, 800px\" \/><figcaption><strong>Primeiros Socorros, RCP e DEA<br>Carga Hor\u00e1ria: <\/strong>4 horas<\/figcaption><\/figure><\/div>\n\n\n\n<div class=\"wp-block-image\"><figure class=\"aligncenter size-large\"><img loading=\"lazy\" decoding=\"async\" width=\"800\" height=\"333\" src=\"http:\/\/aphsave.com.br\/2020\/wp-content\/uploads\/2020\/06\/pse-00.jpg\" alt=\"\" class=\"wp-image-56\" srcset=\"https:\/\/aphsave.com.br\/2020\/wp-content\/uploads\/2020\/06\/pse-00.jpg 800w, https:\/\/aphsave.com.br\/2020\/wp-content\/uploads\/2020\/06\/pse-00-300x125.jpg 300w, https:\/\/aphsave.com.br\/2020\/wp-content\/uploads\/2020\/06\/pse-00-768x320.jpg 768w\" sizes=\"(max-width: 800px) 100vw, 800px\" \/><figcaption><strong>Primeiros Socorros Pedi\u00e1trico para Educadores<\/strong><br><strong>\u00a0Carga Hor\u00e1ria: <\/strong>6 horas<\/figcaption><\/figure><\/div>\n<\/div>\n\n\n\n<div class=\"wp-block-column is-layout-flow wp-block-column-is-layout-flow\">\n<figure class=\"wp-block-image size-large\"><img loading=\"lazy\" decoding=\"async\" width=\"800\" height=\"333\" src=\"http:\/\/aphsave.com.br\/2020\/wp-content\/uploads\/2020\/06\/pst.jpg\" alt=\"\" class=\"wp-image-92\" srcset=\"https:\/\/aphsave.com.br\/2020\/wp-content\/uploads\/2020\/06\/pst.jpg 800w, https:\/\/aphsave.com.br\/2020\/wp-content\/uploads\/2020\/06\/pst-300x125.jpg 300w, https:\/\/aphsave.com.br\/2020\/wp-content\/uploads\/2020\/06\/pst-768x320.jpg 768w\" sizes=\"(max-width: 800px) 100vw, 800px\" \/><figcaption><strong>Primeiros Socorros no Trauma<\/strong><br><strong>Carga Hor\u00e1ria:<\/strong> 8 horas<\/figcaption><\/figure>\n\n\n\n<figure class=\"wp-block-image size-large\"><img loading=\"lazy\" decoding=\"async\" width=\"800\" height=\"333\" src=\"http:\/\/aphsave.com.br\/2020\/wp-content\/uploads\/2020\/06\/rcpdea-00.jpg\" alt=\"\" class=\"wp-image-58\" srcset=\"https:\/\/aphsave.com.br\/2020\/wp-content\/uploads\/2020\/06\/rcpdea-00.jpg 800w, https:\/\/aphsave.com.br\/2020\/wp-content\/uploads\/2020\/06\/rcpdea-00-300x125.jpg 300w, https:\/\/aphsave.com.br\/2020\/wp-content\/uploads\/2020\/06\/rcpdea-00-768x320.jpg 768w\" sizes=\"(max-width: 800px) 100vw, 800px\" \/><figcaption><strong>RCP e DEA<\/strong><br><strong>Carga Hor\u00e1ria: <\/strong>4 horas (b\u00e1sico) ou 8 horas (profissionais)<\/figcaption><\/figure>\n\n\n\n<p><\/p>\n<\/div>\n<\/div>\n","protected":false},"excerpt":{"rendered":"<p>Cursos com cetifica\u00e7\u00e3o de institui\u00e7\u00e3o nacional:<\/p>\n","protected":false},"author":2,"featured_media":0,"parent":0,"menu_order":0,"comment_status":"closed","ping_status":"closed","template":"","meta":{"footnotes":""},"_links":{"self":[{"href":"https:\/\/aphsave.com.br\/2020\/wp-json\/wp\/v2\/pages\/65"}],"collection":[{"href":"https:\/\/aphsave.com.br\/2020\/wp-json\/wp\/v2\/pages"}],"about":[{"href":"https:\/\/aphsave.com.br\/2020\/wp-json\/wp\/v2\/types\/page"}],"author":[{"embeddable":true,"href":"https:\/\/aphsave.com.br\/2020\/wp-json\/wp\/v2\/users\/2"}],"replies":[{"embeddable":true,"href":"https:\/\/aphsave.com.br\/2020\/wp-json\/wp\/v2\/comments?post=65"}],"version-history":[{"count":11,"href":"https:\/\/aphsave.com.br\/2020\/wp-json\/wp\/v2\/pages\/65\/revisions"}],"predecessor-version":[{"id":264,"href":"https:\/\/aphsave.com.br\/2020\/wp-json\/wp\/v2\/pages\/65\/revisions\/264"}],"wp:attachment":[{"href":"https:\/\/aphsave.com.br\/2020\/wp-json\/wp\/v2\/media?parent=65"}],"curies":[{"name":"wp","href":"https:\/\/api.w.org\/{rel}","templated":true}]}}